1.
21
Let s be 15/(-20)*1*-4. Suppose -2*m - g + 8 = -s*g, 3*g = -2*m - 2. Suppose -6*u + u + 8 = -n, -m*u = 5*n + 13. What is the greatest common divisor of 1 and u?
1
Suppose -3*p + 1 = -2. Suppose -7*t + 9 = -4*t. Suppose -t*u + p = -53. Calculate the highest common divisor of u and 9.
9
Let g be 3 + 2 + (-102)/(-3). Let x = g + -33. What is the greatest common factor of 102 and x?
6
Suppose 0 = 4*t - 9*v + 13*v - 216, 0 = -5*t + 5*v + 270. Calculate the highest common factor of 369 and t.
9
Suppose 23 = 26*q - 315. What is the greatest common divisor of 260 and q?
13
Let g = -292 + 376. What is the highest common factor of g and 60?
12
Let b = 77 + -65. Let l = 7 + -3. Suppose l*x - 2*y - 69 = y, y - 73 = -4*x. Calculate the highest common factor of x and b.
6
Suppose 5 + 15 = 10*k. Suppose 578 = 4*z + r, 2*r + k*r = -4*z + 584. What is the greatest common divisor of 16 and z?
16
Let t = -62 - -67. Suppose t*q + 375 = 10*q. Calculate the greatest common divisor of 25 and q.
25
Suppose 23*l + 5 = 24*l. Let j be (2 - -2)*(6 - l/1). Calculate the greatest common factor of j and 20.
4
Let j = -39 + 31. Let z = -31 - -51. Let u = z + j. Calculate the highest common factor of 96 and u.
12
Let i(d) = d**3 + d**2 + 2*d + 2. Let p be i(0). Let h be 3 - 4 - -107 - (p - 1). Calculate the highest common divisor of 70 and h.
35
Suppose 25*w = 23*w + 5*k + 25, k = 5*w - 97. Suppose 0 = 5*j - 5, 2 = t - j. Suppose -t*l - 25 = -145. Calculate the highest common factor of l and w.
20
Let y be 0 + (-5)/(5/(-7)). Suppose -y - 5 = 4*i. Let c be i/(-4) - 625/(-20). Calculate the greatest common factor of 4 and c.
4
Let k = -435 - -974. Calculate the greatest common factor of k and 49.
49
Suppose 32*g - 26*g - 96 = 0. Calculate the greatest common factor of g and 144.
16
Suppose 4 + 2 = 3*q, 0 = -3*a + 5*q - 4. Suppose 10 - 2 = a*o. Let k(j) = j + 20. Let p be k(0). Calculate the greatest common factor of p and o.
4
Suppose 4*f + 12 = 0, z + 2*z = f + 12. Let x(o) = 7*o**2 - o + 2. Let h be x(z). Suppose -5*k + 43 = -h. What is the greatest common factor of k and 7?
7
Suppose 2*i + 3*m - 2*m = 12, 0 = 3*m - 12. Suppose i*f - 3*f - 9 = 0. Let y = 117 - 45. What is the greatest common factor of y and f?
9
Suppose -3*v + 23 + 18 = 4*m, v + 1 = 0. Suppose -m = -h + 2. Calculate the greatest common divisor of h and 143.
13
Let m(k) = k**2 + k + 8. Let s be m(0). Suppose 0 = -8*b + 9*b - 180. Let g be ((-4)/6)/(5/b*-3). Calculate the greatest common factor of g and s.
8
Suppose -13 = c - 73. Let a(i) = i**3 + 3*i**2 - 14*i - 8. Let d be a(-5). Calculate the highest common divisor of c and d.
12
Let q be 4 - (36 - (-8)/4). Let z = -230 - q. Let s = z - -296. What is the greatest common divisor of 40 and s?
20
Let m(o) = 2*o**2 - 26*o + 381. Let w be m(19). Calculate the greatest common divisor of w and 174.
87
Let c be (60/24)/((-3)/(-18)*3). What is the greatest common divisor of 145 and c?
5
Suppose 0 = -16*v + 19*v, 8 = 4*l - 5*v. What is the greatest common factor of l and 10?
2
Let s(w) = -w**3 - 6*w**2 + 5*w - 7. Let v be (-27)/(-6)*-2 + 4/2. Let d be s(v). Calculate the highest common factor of 14 and d.
7
Let d(z) = -116*z - 217. Let u be d(-4). Calculate the greatest common divisor of u and 19.
19
Let s = -159 - -415. Calculate the greatest common divisor of 16 and s.
16
Let c be (-117)/(-12) - (-2)/8. What is the highest common divisor of c and 6?
2
Let j = -1136 - -1143. What is the highest common factor of 2 and j?
1
Suppose -60 = 3*j - 5*j + 2*n, 3*j + 3*n - 96 = 0. Let w(h) = -h**2 + 8*h - 32. Let b be w(7). Let q = b + j. Calculate the greatest common divisor of q and 48.
6
Suppose 72*t - 73*t - 284 = -2*l, 5*t + 268 = 2*l. Calculate the greatest common divisor of l and 126.
18
Suppose 5*g + 2 = -3. Let h = g + 5. Suppose 7*v = h*v + 39. What is the highest common divisor of v and 104?
13
Let o be (3/(-6)*-1)/(13/780). Suppose 0 = -32*v + o*v + 24. Calculate the greatest common factor of 156 and v.
12
Suppose 25*t + 203 = 553. Suppose 0 = -4*b + 324 + 292. Calculate the highest common divisor of t and b.
14
Suppose 17*n - 7290 = -218. What is the greatest common divisor of 26 and n?
26
Suppose -11*k = -7*k - 20. Suppose 4*n - 13 = -5. Suppose -15 + 65 = x - 3*t, n*x - 4*t = 90. What is the greatest common divisor of x and k?
5
Let w(u) = u**3 + 9*u**2 + 7*u - 2. Let y be w(-8). Suppose 2*m - 3*h + y - 3 = 0, -5*m + h = -25. What is the highest common factor of 15 and m?
3
Suppose -2 + 8 = 3*i, -r - i = 213. Let d be (-12)/(-8) + r/(-10). Calculate the greatest common divisor of 184 and d.
23
Suppose 39*i + 411 = 3*v + 42*i, 677 = 5*v + 3*i. Calculate the highest common divisor of v and 76.
19
Let b be 27/6*2/3. Suppose -b*r - 8 = -2*k, -r - 7 = 3*k - 41. Suppose -d + 175 - k = 0. What is the highest common factor of d and 33?
33
Let l(p) = -33 + 11 - 16*p - 1. Let d be l(-8). What is the greatest common divisor of d and 21?
21
Suppose -m + 16 = -3*n - 4, 4*n + 56 = 4*m. Let q be (-429)/2*2/(-3). Calculate the greatest common divisor of m and q.
11
Let m = -92 + 117. Calculate the highest common factor of 200 and m.
25
Let o = -23 - -32. Let a(i) = -4*i**2 - 126*i - 485. Let l be a(-27). Calculate the highest common factor of l and o.
1
Suppose -4*n + 84 = -4*c, 2*n - 3*c - 51 = 2*c. What is the greatest common factor of 81 and n?
9
Let i(h) = 2*h**2 + 4*h - 6. Let g be 3/2 + (-9)/6. Let y = g - 7. Let j be i(y). Calculate the highest common factor of j and 16.
16
Suppose 0 = a + 174 - 179. Calculate the greatest common divisor of a and 20.
5
Suppose -86*t - 3 = -87*t. Calculate the highest common divisor of 33 and t.
3
Let g(t) = t + 3. Let c = 29 - 29. Let v be g(c). What is the greatest common divisor of v and 3?
3
Let m = 197 - 52. Calculate the highest common divisor of m and 58.
29
Let p(c) be the third derivative of c**5/30 - c**4/8 - 5*c**3/6 + c**2. Let d = 32 - 38. Let v be p(d). Calculate the highest common divisor of 17 and v.
17
Let h(b) be the second derivative of b**4/12 - b**2/2 + 3*b. Let c be h(-4). Calculate the greatest common divisor of 5 and c.
5
Suppose -r + 32 + 23 = 0. Suppose -r = 4*m - 215. What is the highest common factor of 8 and m?
8
Let f be 10/45 + (-1292)/(-18). Suppose 0 = 3*l - 3*b - f, -4*b = 4*l + b - 132. What is the highest common factor of l and 252?
28
Let t = -13 - -9. Let s(l) = l**3 + 5*l**2 + 3*l - 4. Let j be s(t). Suppose j*n - n = -32. What is the highest common divisor of n and 4?
4
Let w(f) = 2*f - 7. Let s be w(5). Suppose -s*l + 133 = t - 13, -4*l - t = -196. What is the highest common divisor of l and 10?
10
Let c be (-4)/((-4)/3) + (-6825)/(-5). What is the greatest common factor of c and 114?
114
Let q(o) = -o + 20. Let a be q(15). Calculate the greatest common factor of 785 and a.
5
Let w be (2 - (-1 - -2))*9. Let j be 22655/(-46)*4/(-5). Suppose 0 = 4*p - 8*a + 10*a - j, p + a = 98. Calculate the highest common factor of p and w.
9
Let w be (95/(-10) + 5)*-14. Calculate the highest common factor of w and 21.
21
Suppose 0 = -17*z + 13*z - 288. Let t be (z/84)/(6/(-28)). Suppose -5*f - w = -83, 2*f - w + 0*w = 29. What is the highest common factor of f and t?
4
Suppose -5*a = -3*l - 227, l + 0 = 1. Let r be (-1)/(10340/1150 - 9). Calculate the highest common divisor of a and r.
23
Let q = 721 - 501. Calculate the highest common factor of 165 and q.
55
Let x(u) = u**3 + 12*u**2 + 12*u + 13. Let f be x(-11). Suppose -n = -2*n - 2. Let c = f - n. Calculate the greatest common divisor of c and 16.
4
Let y be (336/(-20) + 1)*-5. Let j = 142 - y. Suppose 2*n - m = n + 63, n - 4*m = j. What is the greatest common factor of n and 9?
9
Suppose 0*a + 192 = 3*a. Let g = -41 - -49. What is the highest common factor of a and g?
8
Let s be 2/(-5)*85*(-9)/18. What is the greatest common divisor of s and 102?
17
Suppose -5*t + 13 + 5 = -3*n, 0 = -4*t + 4*n + 16. Let l be (30/t)/5 + 278. Calculate the greatest common divisor of 35 and l.
35
Let k = 79 + -23. Let m be (-17)/(17/28)*(-4 + 3). What is the highest common factor of m and k?
28
Let j(a) = 412*a**2 + 23*a + 81. Let i be j(-3). Calculate the highest common factor of 120 and i.
120
Suppose 0 = -2*x - 3*p + 22, 10*x - 5*x - 37 = -3*p. Suppose -c + 3*y - 